20/8. Let x = 5 + c. Let i(g) = -g**2 - g + 9. Determine i(x).
9
Suppose 3*g + 33 = 4*f, 3*g + 11 = 2. Let o(t) = -2 - t + f*t - t - 5. Calculate o(5).
13
Suppose 83*h = 30 - 445. Let t(d) = -4 + d - d - 3*d. What is t(h)?
11
Suppose -2*q - 3*q + 25 = 0. Let s(b) be the third derivative of -b**4/24 + 182*b**2. Determine s(q).
-5
Let u(w) = -9 + 2*w + 4*w - w**2 + 3. Let b = 2132 + -2128. What is u(b)?
2
Let k(h) be the second derivative of -17*h**3/6 - 2*h + 173. What is k(1)?
-17
Let d(u) = u. Suppose 4*g = 3*j - 6, 0*g + 4*g = 2*j. Let f(t) = 3 + 16*t - 2*t**2 + t**3 - 13*t + j*t**2. Let o be f(-3). Determine d(o).
3
Let h(d) be the second derivative of 0 + 0*d**3 + 6*d - 5/2*d**2 - 1/20*d**5 - 1/12*d**4. Calculate h(0).
-5
Let y be (-5)/(-10)*-2*-13*1. Suppose 3*m + 5 = -y. Let d(z) = z**2 + 6*z + 4. Determine d(m).
4
Let b be (-2)/(1 + 9/(-3)). Let p(y) = b - 6*y + 2*y + y + 2*y. Let k(i) = -i**2 - 11*i + 9. Let z(h) = -k(h) + 6*p(h). What is z(-5)?
-3
Let y(n) be the second derivative of n**5/20 - 5*n**4/12 - 7*n**3/6 + 13*n**2/2 - 20*n + 4. Calculate y(6).
7
Let x = 347 + -346. Let n(r) be the second derivative of 13*r**3/6 + 7*r**2/2 - r. Let a(d) = 13*d + 6. Let q(s) = 6*a(s) - 5*n(s). What is q(x)?
14
Suppose 0 = 16*a + 13*a - 29. Let p(y) = 6*y + 1. Calculate p(a).
7
Let m = -6 - -12. Let g(b) = -2 + 2*b + 2 - m. Let y be (-3 - (-7)/2)*10. Determine g(y).
4
Let c(l) be the second derivative of l**4/12 - l**3/6 - l**2/2 - l. Suppose 4*d + 3*m = 3*d - 73, 0 = -4*m - 8. Let y = 71 + d. Determine c(y).
11
Let n(y) = 2*y**3 - 11*y**2 + 3*y + 7. Let x be n(5). Let r(w) = -5*w - 3. Calculate r(x).
12
Suppose 5*h - 45 = -70. Let p(v) = -v**2 - 5*v + 5. Determine p(h).
5
Let q(k) = -7*k**3. Let j be (2 - 30/18)*-6 - -3. Determine q(j).
-7
Suppose q + 3 = 11. Let o(r) = -r - 9. Let b(s) = -4*s - 27. Let g(v) = q*o(v) - 3*b(v). Give g(-6).
-15
Let c(h) = h - 1. Let x(l) = -2*l. Let o(d) = -4*c(d) - x(d). Let y be o(2). Let w(u) = u + u**2 - 1 + 3*u + y*u. Calculate w(-5).
4
Let a(j) = -j**3 - 7*j**2 + 2*j - 5. Suppose 5*l + 29 = k, 0 = -3*l - l - 3*k - 27. Calculate a(l).
-53
Let r(o) = o**2 - 3*o - 26. Let p be r(7). Suppose p*f - 53 + 35 = 0. Let g(b) = -b**3 + 9*b**2 + 2*b - 7. Calculate g(f).
11
Let c(u) = -3*u**2 - 21 + 3*u + u**3 + 18 + 4*u**2 - 5*u**2. Give c(3).
-3
Let q(w) = 17*w**3 - 5*w**2 + 9*w + 12. Let l(y) = -8*y**3 + 2*y**2 - 4*y - 5. Let o(u) = -5*l(u) - 2*q(u). Give o(-1).
-7
Let m(b) be the second derivative of -1/3*b**3 + 0 - 1/2*b**2 + 19*b - 1/6*b**4 - 3/10*b**5. Calculate m(-1).
5
Let n be (-4)/16 - (-26)/8. Let i(x) = -5 + x + n*x - 2*x. Let h = 57 + -53. Calculate i(h).
3
Let u(m) be the first derivative of m**3/3 + m**2/2 + 32. Calculate u(-5).
20
Let s(t) be the second derivative of -10*t + 0 - 1/20*t**5 - 3*t**2 - 5/12*t**4 + t**3. Calculate s(-6).
-6
Suppose 4*h + 3*h = 0. Let d = h - 2. Let y be d*(0 + 1) - 0. Let j(u) = -u**3 + u**2 + 3*u + 2. Calculate j(y).
8
Let v(q) = q - 9 + 1426*q**2 - 1424*q**2 - q**3 + 8*q - q. What is v(4)?
-9
Let p(k) = 0 - k - 3*k - 1 + 5*k**2 + 5*k. What is p(1)?
5
Let u(o) be the first derivative of 4 - 3/2*o**2 - 3*o. Give u(-6).
15
Let t(d) = 25*d - 1. Let c(r) = -29*r. Let x(g) = 6*c(g) + 7*t(g). What is x(8)?
1
Let g be -5 - (1 - 0/(-1)). Let n(m) be the third derivative of -5/24*m**4 + 0*m + 0 - 1/60*m**5 - 1/2*m**3 + 5*m**2. Give n(g).
-9
Let g = -15 - -17. Suppose -g*x + 31 = -4*x + a, -2*a + 10 = 0. Let s = -7 - x. Let p(f) = -f**2 + 7*f. What is p(s)?
6
Let y(g) = -g**2 + 6*g - 2. Suppose 18 = -10*a + 88. What is y(a)?
-9
Suppose -3*v - 1 - 2 = 0. Let u(d) = -4*d + 16. Let s(c) = -c + 3. Let b(n) = -11*s(n) + 2*u(n). What is b(v)?
-4
Let u(x) = -x**2 - x + 7. Suppose -5*r = 5*g - 35, -29 = -3*g + 5*r - 8. Calculate u(g).
-49
Let f(i) = i**3 - 14*i**2 - 54*i + 49. Let r be f(17). Let p(j) = -5*j**2 - 5*j - 1. Determine p(r).
-11
Let w(u) = -u**3 - 7*u**2 - 5*u + 7. Suppose -4*p + 3 + 101 = -5*r, 85 = 5*p + 5*r. Let g = -18 + p. Suppose -5*c = 3*v - 0 - 7, -3*v = 3*c + g. What is w(v)?
1
Let t = 872 + -877. Let z(y) = -5*y - 19. What is z(t)?
6
Let a(u) = u + 1. Let h = 10 - 2. Suppose 8*m = 4*m + h. Calculate a(m).
3
Let k(b) = b**2 - 7*b - 2. Let l = -15 + 15. Let h(j) = -j**2 - 9*j - 7. Let w be h(-7). Suppose -p + w = -l*p. Determine k(p).
-2
Let j(l) = -2*l + 1. Suppose -2*c - 2*c = -44. Suppose 0 = -t - 7 + c. Suppose -1 = t*d + 3*s + 6, -3*s - 19 = -2*d. Calculate j(d).
-3
Let r = -373 - -371. Let f(i) = 2*i**2 + i + 2. Calculate f(r).
8
Let f(v) be the third derivative of v**6/40 - v**5/30 + v**4/6 - v**3/2 - 2*v**2. Let g be -3 - (-1 - (-9 - -13)). Give f(g).
21
Let r(d) be the second derivative of 6*d + 0*d**2 - 1/6*d**3 + 0 + 11/12*d**4. What is r(1)?
10
Let v be 6 + 8*27/(-36). Let y(u) = -u**3 + u**2 + u + 33. What is y(v)?
33
Let g(l) = -33 + 0*l - 26 + 69 + l. Give g(-5).
5
Let r(y) be the second derivative of -y**5/60 - y**4/24 - y**3 - 3*y**2 - 6*y. Let g(u) be the first derivative of r(u). Determine g(0).
-6
Let g = 5 - 10. Let r(d) be the first derivative of -d**3/3 - 5*d**2/2 + 2*d - 1819. Calculate r(g).
2
Let h(o) = 308*o**3 + 0*o + 2*o + 4*o**2 - 302*o**3. Determine h(-2).
-36
Suppose -5 = i + 10. Let d(w) = 0 - w - 15 + 0*w. Let j be d(i). Let g(k) = k**3 + k**2 + 12. What is g(j)?
12
Let z(d) = -36*d - 54. Let r(o) = 13*o + 27. Let s(k) = -5*r(k) - 2*z(k). What is s(3)?
-6
Suppose 0 = -6*u + 17 + 43. Let l(w) = -w + 5. Give l(u).
-5
Let t(f) = -f. Suppose 2*z - 5 = 3*s, 2*z - 3*z = -s - 2. Let a(w) = 2. Let p(n) = s*a(n) - 2*t(n). What is p(4)?
6
Let f(a) = -2506 + 2504 + 0*a**2 - a**2. What is f(3)?
-11
Let q(j) = j**2. Let o(s) = 2*s**2 + s + 1. Let i = 3 + 0. Let t(z) = i*o(z) - 5*q(z). Suppose 5*l + 2 + 14 = -4*k, -4*l + 3*k - 19 = 0. Give t(l).
7
Let z(q) be the third derivative of q**4/6 - q**3/3 + 122*q**2. Calculate z(8).
30
Let m(n) = -n - 5. Let k be m(-7). Let f(u) = -4*u**2 + 2*u - 5. Let z(l) = -l**2 - 1. Let s(h) = -f(h) + 3*z(h). What is s(k)?
2
Suppose 2*p = -3*n + 33, -20 = -0*n - 4*n. Let w(q) = -9*q - 2. Let f be w(-1). Let d = p - f. Let k(y) = -y**3 + y**2 - 2*y + 2. Calculate k(d).
-6
Let o(c) = -2*c - 98 - 99 + 182. What is o(-7)?
-1
Let i(k) be the second derivative of -7*k**4/24 + k**3/6 - 9*k**2/2 + 10*k. Let t(l) be the first derivative of i(l). What is t(1)?
-6
Let r(l) = -l. Let u(x) = 2*x - 12. Let p(c) = 3*r(c) + u(c). Calculate p(-19).
7
Suppose 0 = -4*a + n + 24, -2*a + 32 = 2*a - 3*n. Let q(v) = 0 - a - 14*v + 0 - v**2 - 13. Give q(-12).
6
Let p(h) be the second derivative of -h**5/20 + h**4/4 + 2*h**3/3 + 5*h**2/2 - 4*h + 74. Let b(l) = l + 11. Let y be b(-7). What is p(y)?
5
Let r(y) = -4*y**2 - 5*y - 5. Let g(x) = 6*x**2 + 7*x + 8. Let d(m) = 5*g(m) + 7*r(m). Let j(q) be the first derivative of d(q). Determine j(1).
4
Let p(g) = -g - 2. Let h(f) = f**3 - f**2. Let i be -4*3/21*-7. Suppose -3*t - i = -1. Let x be h(t). What is p(x)?
0
Let r be -4*(2 + 3/(-4)). Let f(s) be the second derivative of -2*s + 1/20*s**5 + 0 + 5/6*s**3 + 1/2*s**4 + 0*s**2. Give f(r).
0
Let a(r) be the third derivative of r**4/24 - 2*r**3/3 - r**2. Let p = -18 + 23. Suppose 5*d + 4*f - f - 41 = 0, p*f + 25 = 5*d. What is a(d)?
3
Let w be (3 + -3)/(2 - 4). Suppose w = -4*i - 15 + 39. Let s(h) be the first derivative of h**4/4 - 2*h**3 + h**2/2 - 4*h - 1. Calculate s(i).
2
Let d(b) be the first derivative of b**4/4 - 5*b**3/3 - b**2/2 - 2*b - 48. Determine d(5).
-7
Suppose g + 48 = 5*g. Let l(f) = -g*f - 11*f + 22*f. Calculate l(-4).
4
Suppose 2*u = 0, 0*k + 5*u = -3*k + 18. Let q(l) = -l + k - 3 + 7. Let w be ((6 - -1) + 0)*1. Determine q(w).
3
Let h(j) = 5*j - 2 + j**2 + 4 + 1. Let o(b) = -3*b**2 - 16*b + 5. Let s be o(-7). Let n be 16/(-10)*(-75)/s. Give h(n).
-1
Let y(b) = 6*b + 28. Let d(g) be the first derivative of g**2 + 9*g + 30. Let i(o) = -7*d(o) + 2*y(o). Determine i(-6).
5
Suppose 369*w - 367*w = 0. Let a(j) = j**2 - j + 22. What is a(w)?
22
Let q(j) = -j**2 + 55*j + 10. Let g be q(55). Let p(w) = w**3 - 9*w**2 - 12*w + 5. Determine p(g).
-15
Suppose 0 = -28*z - 14*z + 126. Let v(j) = -2*j**2 + j + 3. Calculate v(z).
-12
Let g(b) = -2*b - 2. Suppose 3*o + a = 20, 4*o + 1 = 2*a + 11. Suppose -o*f - 4*v = -83 - 22, 0 = 5*f - 2*v 